04 is divided by f.
39
Let t = -4033 + 4261. Calculate the remainder when 2958 is divided by t.
222
Suppose -4*b = -20, -2*b - 155 = -5*m + 90. What is the remainder when m is divided by (-13944)/498 + 1 + 55?
23
Let v(y) = 22*y**2 + 145*y + 41. Calculate the remainder when v(-9) is divided by 16.
6
Suppose -35*d = 7*d - 126. Suppose 3*j - 76 = 2*x + 2, d*j = 3*x + 81. What is the remainder when 287 is divided by j?
23
Calculate the remainder when ((16 + -18)*69)/(-1) is divided by 38.
24
Suppose 3*b + 3*y - 51 = 27, 118 = 4*b - 3*y. Calculate the remainder when b is divided by 18.
10
Let f = -83714 - -83750. Calculate the remainder when (123/(-2))/(2/(-28)) is divided by f.
33
Suppose -5*d + 4*f = -62, 2*f - 4 = 3*d - 4*d. Suppose 5*y + d = 0, -2*z - 7*y + 8*y + 22 = 0. Calculate the remainder when 77 is divided by z.
7
Suppose 85*v - 680 = 595. What is the remainder when 429 is divided by v?
9
Suppose i - 11 = -0. Suppose i = 6*d - 235. What is the remainder when d is divided by (-4 - 0) + 36/((-8)/(-4))?
13
Let k = 357 + -353. Suppose -t + k*p = -62, -4*t + 222 = t + 2*p. What is the remainder when 59 is divided by t?
13
Let h = -5118 + 5810. What is the remainder when h is divided by 25?
17
Suppose -274 = m - 392. Suppose m - 4 = 6*o. What is the remainder when 113 is divided by o?
18
Let m be 20*(-1 + (-14)/(-8)). Suppose -m = -4*t + 113. Let y = -639 - -648. What is the remainder when t is divided by y?
5
Let r(u) = 3*u - 8. Let w(d) = -d. Let x(a) = -r(a) - 2*w(a). Let i(z) = z**2 + 25*z + 39. Let k be i(-23). What is the remainder when x(k) is divided by 8?
7
Let p = 601 + -590. Calculate the remainder when 1821 is divided by p.
6
Calculate the remainder when -2 + (-2 - (-6165)/12) - 3/(-12) is divided by 42.
6
Suppose -29*g = -19*g - 50. Suppose 0 = -4*u - p + 67 - 11, g*p - 7 = u. What is the remainder when 28 is divided by u?
2
Let m(s) = -3*s + 39. Suppose 6*o - 5 = 31. Calculate the remainder when m(o) is divided by 6.
3
Let l(g) = -g**3 - 11*g**2 - 10*g + 9. Suppose 11 = -5*v + 6*v. Suppose 2*d - v = -31. What is the remainder when 35 is divided by l(d)?
8
Suppose 3*z - 64 = -5*z. Suppose 5*h + z = 63. Suppose -21 = -5*a + y - 4*y, -5*y + 10 = 0. Calculate the remainder when h is divided by a.
2
Let v(p) = 64*p + 3849. Calculate the remainder when v(-57) is divided by 6.
3
Suppose -3*q - 169 = -724. Suppose 8*h + 23*h - 1984 = 0. Calculate the remainder when q is divided by h.
57
Let v(z) = -7 + z**3 + 5*z**2 + 5*z - 5*z - 8*z. Calculate the remainder when v(-5) is divided by (0 + (-30)/9)/((-8)/12).
3
Let a(w) be the second derivative of -15/2*w**2 + w**3 + 0 + 15*w. Calculate the remainder when 96 is divided by a(8).
30
Let n(v) = 16 + 678*v - 157*v - 1 + 711*v. What is the remainder when n(1) is divided by 78?
77
Let x = 10649 + -5451. Calculate the remainder when x is divided by 43.
38
Let w = 37952 + -37769. Calculate the remainder when w is divided by 38 + (-1*3 - -2).
35
Let g(c) = 1 + 2 + 4*c**2 - c**3 + 5*c + c**2. Let i = 3539 + -3486. Calculate the remainder when i is divided by g(5).
25
Suppose 0 = -3*y - 3*g + 1092, 729 = 2*y + 21*g - 18*g. What is the remainder when y is divided by 157?
49
Suppose -90 + 20 = -7*t. Let j = 417 + -232. Calculate the remainder when j is divided by t.
5
Let f(w) = -w**2 + 3*w + 7. Let k be f(5). Let n(o) = -o**3 - 4*o**2 - 4*o - 1. What is the remainder when (-10)/(-6) - 91/(-39) is divided by n(k)?
0
Suppose -2*w - w = 4*f + 21, -15 = 4*f + w. Calculate the remainder when 22 is divided by -4*f*(-15)/(-36).
2
Suppose 9*d - 6 = 21. Let j(g) = 32*g**2 + 14*g - 38. What is the remainder when j(d) is divided by 49?
47
Let l be (-12)/(-36)*3*2. Suppose l*w - 63 - 71 = -3*v, v - w = 48. Calculate the remainder when v is divided by 12.
10
Suppose 4*z = -4*n + 156, -4*z + 55 + 55 = 3*n. Calculate the remainder when 492 is divided by n.
32
Let l = 3074 - 2924. What is the remainder when l is divided by 23?
12
Let k(y) = -199*y + 27. Calculate the remainder when 901 is divided by k(-1).
223
Let d(b) = 40*b - 11. Let t(o) = -184*o + 1333. What is the remainder when d(7) is divided by t(7)?
44
Suppose -7*p - 28 + 28 = 0. Suppose 3*l + 26 = 3*v - 13, 3*v + 3*l - 57 = p. Let x = 23 + -13. Calculate the remainder when v is divided by x.
6
Let y = 15 + 2. Suppose -4*c - 3*f = -150, 3*c + 2*f - 107 = -3*f. Let s = c + -10. What is the remainder when s is divided by y?
12
Let c = 2696 + -2393. What is the remainder when c is divided by 9?
6
Let i(y) = y + 19. What is the remainder when (-6)/(-14)*(29 - -34) is divided by i(-9)?
7
Let c be 15202/55 - 6/15. Suppose -4*l + c - 72 = 0. Calculate the remainder when l is divided by 2.
1
Let q be (-977)/(-3) - (-1)/9*-6. Suppose 0*l - 25*l = -q. Let b(k) = 4*k + 11. Calculate the remainder when b(10) is divided by l.
12
Let u be (-10)/(-4)*(-108)/(-45). Calculate the remainder when u/18 + (-3692)/(-39) is divided by 6.
5
Let l = -13845 + 16064. Calculate the remainder when l is divided by 14.
7
Let x(f) = 22*f + 4. Suppose 2*t = -2*d + 252, 0*d - 654 = -5*d - t. Calculate the remainder when d is divided by x(3).
62
Let i = 202 - 205. Let a = i - -13. What is the remainder when 33 is divided by a?
3
Calculate the remainder when 115 is divided by 160/120 + 194/3 + -3.
52
Let h be 25/(-3)*(-1 - 5). Suppose c - h = -4*n - 0*c, -2*n - 5*c = -34. What is the remainder when 82 is divided by n?
10
Let o = -1827 + 1894. What is the remainder when o is divided by 46?
21
Let c be 2*(-6369)/12 + 3/6. Let y = 1508 + c. Suppose 5*r - 88 = y. What is the remainder when r is divided by 37?
33
Suppose -2*p + 19*i + 1832 = 23*i, 0 = -5*i - 10. Calculate the remainder when p is divided by 303.
11
Suppose -3*y + 403 = -r, -3*y + 6*r = 2*r - 406. Suppose -34 = -7*c + y. Calculate the remainder when (2 - c)*(-1 + 0) is divided by 20.
2
Let c be (-1 + -1)/(12/(-18)). Let i(q) = q**2 + 7*q - 4. What is the remainder when i(c) is divided by 3?
2
Let h = -455 - -558. Let r(v) = v**3 + 5*v**2 + 2*v + 4. What is the remainder when 1*-2 + h + 35/5 is divided by r(-3)?
12
Let s(a) = a**2 + 5*a + 14. Let u be s(-21). Let m = u + -226. What is the remainder when m is divided by 22?
14
Suppose -13 - 16 = -3*c - 5*q, 3*q - 6 = 2*c. Suppose -w + 4*b - 664 = -c*w, b = -5*w + 1633. What is the remainder when w is divided by 47?
44
Let i be 0 - (-5 - -3) - 2. Suppose 2*x - 42 + 8 = i. Let c = -8388 + 8488. What is the remainder when c is divided by x?
15
Suppose -34*g = -2158 - 6614. Let f = 1192 - g. What is the remainder when f is divided by 52?
50
Let i(f) = 5*f**2 - 52*f - 469. What is the remainder when i(-8) is divided by 54?
51
Let u(b) = 67*b + 1570. Calculate the remainder when 2989 is divided by u(-20).
229
Calculate the remainder when 1059 is divided by 4/34 + 9951/527.
14
Suppose -2*y + 8*y - 18 = 0. Suppose -y*l + 511 = -983. Calculate the remainder when l/14 + (12/(-7))/(-4) is divided by 8.
4
Let p(b) = -b**2 - 122*b - 1909. Calculate the remainder when p(-42) is divided by 121.
120
Let y(i) be the first derivative of 4*i**3/3 - 2*i**2 - 5*i + 118. Calculate the remainder when 26 is divided by y(-1).
2
Suppose 385*a - 382*a - 6 = 0. Suppose a*d - 14 = 3*t, d + 0 - 1 = 0. Calculate the remainder when 90 is divided by t/26 + -3 + (-396)/(-39).
6
Let f = -704 + 789. Calculate the remainder when f is divided by 2/(-4 - (-9)/2) + 48.
33
Suppose -3*p = -p + 3*i - 3, -3*i - 12 = -3*p. Suppose 14 + 8 = 2*g + m, -5*m = p*g - 47. Suppose -g - 27 = -6*c. What is the remainder when 21 is divided by c?
3
Let k = -689 + 829. Calculate the remainder when k is divided by 29.
24
Suppose -4*f = q - 115, -f + 5*f = -4*q + 100. Let b = f + 66. Calculate the remainder when b is divided by 7.
5
Let f(g) be the third derivative of -1/12*g**5 - 9*g - 3*g**2 - 5/8*g**4 + 5/6*g**3 + 0 + 1/60*g**6. What is the remainder when f(7) is divided by 38?
37
Let b = -3971 + 4148. What is the remainder when b is divided by 23?
16
Suppose 458327 = 306*b + 94838 - 159159. Calculate the remainder when b is divided by 45.
43
Let c = -125 - -130. Suppose -c*m + 2 + 8 = 0. Suppose -2*y + 0*n - 4*n = -82, m*n = -5*y + 229. What is the remainder when y is divided by 17?
13
Suppose 0 = w - 3. Suppose g = -0*g + 5*z + 2, -w